0
Evaluate 8 + (1 - 0) - (31 - 24).
2
What is the value of 5 - 6 - -12 - (-26 + 55)?
-18
Evaluate 4 - 3 - (-13 + (-12 - -12) - -22).
-8
9 + -37 + (32 - 13)
-9
What is the value of -21 - (-1 + -5 + 2) - -2?
-15
-48 - (-4 - (16 - -13))
-15
17 + -4 - (43 - 27)
-3
Calculate -17 - (-9 + 13 + -25).
4
What is the value of 1 + 2 + -15 + (-10 - -31) + -10?
-1
What is -3 + 62 + -67 + 5 + 1?
-2
3 + 0 - (-45 - -28 - -33)
-13
What is -1 - (52 + 4) - -29?
-28
What is -4 + 4 + (3 - ((12 - 2) + -4))?
-3
What is the value of -1 + (2 - (-5 + 12 - 2))?
-4
Calculate 8 - (-49 + 50 + 26 + 1).
-20
Evaluate -1 - -11 - -5 - 23.
-8
What is 593 - 605 - (2 - 1)?
-13
Calculate 2 + 1 + ((5 - 1) + -5 - -3).
5
What is -12 - (1 - -18 - 16)?
-15
What is the value of -2 - (15 + -8 + -17 + (2 - 1))?
7
5 + (4 + -7 - -2) + -8
-4
Evaluate 52 - (32 - -8) - (-3 + 0).
15
What is the value of -3 + (0 - 0) - (381 - 411)?
27
Calculate (0 - 0) + 7 - (6 + -12 + 10).
3
27 + (17 - 35 - -2)
11
What is (3 - 4 - 3) + (26 - -2) + 0?
24
What is -18 + 7 + -9 + 26?
6
What is (1 - (1 - 1) - (9 + -8)) + 2?
2
Evaluate (-2 - 12) + 3 + -4 + 8.
-7
What is the value of 10 + -50 + 18 + 21?
-1
Evaluate (-1 - -4) + -9 - (-11 + 4) - 13.
-12
What is 603 + -604 + 2 + 1 + 0?
2
Calculate 1 + -19 + 26 - 1.
7
What is the value of (4 - (19 + -4)) + -142 + 128?
-25
What is ((16 - 8 - -19) + -4 - 4) + -1?
18
What is the value of (-11 - -6) + -22 + (-8 + -2 - -2)?
-35
What is the value of -22 + 12 - -2 - (8 + 1)?
-17
What is the value of (2 - -2 - (34 + 0)) + 12?
-18
What is the value of (10 + (13 - 12) - 26) + 4?
-11
What is -6 + (7 - -6) - (-1 + 24 + -3)?
-13
What is the value of 19 + 0 + (-11 - -23) + -23?
8
Calculate -1 - (19 - 11 - 9).
0
1 + -11 + (-2 - -11) + -2 + 1
-2
What is -6 + (-5 + 8 + 5 - -12)?
14
Evaluate (-5 - 3) + 4 + 4 + -11 - 3.
-14
Evaluate -7 + -10 + (1 + 3 - -42).
29
Calculate -11 - ((2 - (8 + -12) - -5) + -3).
-19
Calculate -5 + -3 + (10 - (2 + -6)).
6
What is -22 - (-1 + (-2 - -2) + 85 + -93)?
-13
Evaluate (4 - (10 + -6 + -7)) + -4.
3
Calculate 0 + 10 - ((-16 - (-30 + -12)) + -19).
3
Evaluate -21 - ((-60 - -21) + 21).
-3
What is the value of -6 + (-6 - -1 - (16 + -20 + 1))?
-8
Calculate 5 + 1 - (2 - (-4 - 2)).
-2
What is -4 - (-6 + (8 - 10)) - (8 - 5)?
1
Calculate 9 + 15 + -32 + (13 - -2).
7
What is the value of -1 + (-13 - -22) + 1 + (2 - 2)?
9
(-4 - 6) + (6 - (-6 - -8)) + 5
-1
What is the value of -13 + 16 - (3 + 0 - 23)?
23
Calculate -3 + -1 + -13 + (-36 - -41).
-12
What is the value of 1 + (-35 - (12 - 30) - (1 - 10))?
-7
Evaluate (0 - -11) + (-24 + 13 - 36).
-36
What is the value of 21 + -9 + 7 - (4 + 4)?
11
What is the value of 13 - 0 - 9 - -2?
6
-14 + 3 + -2 + 14 + -17
-16
Evaluate 27 + 25 + (34 - 60).
26
What is the value of -10 + 11 + (-1 + -1 - (2 - -6))?
-9
0 + 4 + 10 - 1
13
Evaluate (8 + -4 - 2) + 28 + -7.
23
What is the value of (-15 - -14) + 6 + -17 - (-1 - -9)?
-20
What is (-15 - (-21 + 12)) + 4?
-2
11 - (14 + -18 + 9)
6
Evaluate -27 - (63 + -35) - -26.
-29
What is the value of (5 - (2 - (-7 - (-3 - 4)))) + 4?
7
What is the value of 3 + 3 + (15 - (-2 - -5))?
18
Evaluate -10 - (25 + (-6 - (8 + 1))).
-20
9 - (0 - (-1 - 3) - 1)
6
What is the value of 59 - 30 - 33 - 21?
-25
Evaluate -2 + -5 + (-99 - -125).
19
(-11 + -2 - (-107 + 103)) + 3
-6
Evaluate -14 - (-22 - (16 - 27)).
-3
Calculate 0 - (44 + 8 + -31).
-21
What is -9 - (-11 + (5 - 2) + (2 - 6))?
3
Evaluate -1 + (15 - 5) + -10.
-1
Calculate -16 + (11 - -3) - 5 - 25.
-32
Evaluate -853 - -853 - (-2 + 3 - (1 + -2)).
-2
Calculate -3 + (34 - 63 - (-1 + 5)) + 1.
-35
What is the value of 2 + 40 - (84 + -59)?
17
Evaluate -9 - -3 - (-13 + -8).
15
What is the value of (6 - (35 - 16)) + (-1 - -51)?
37
What is the value of (13 - 15) + 9 + (-8 - -17)?
16
What is the value of 4 + (-7 - (-3 - -1)) + 14 + -18?
-5
What is the value of -83 + 79 + -25 - (1 + 1)?
-31
What is the value of (-3 - (13 + -10)) + (-4 - (0 - -9))?
-19
Calculate 1 + -2 + 5 + -7 - -4 - 7.
-6
49 + (-16 - -1) + (-11 - 1)
22
Calculate (13 - (-13 + 28) - 14) + 4.
-12
1 - (-3 - 0 - (115 + -118)) - 11
-10
Evaluate -19 + 4 + 34 - 9 - (-13 + 0).
23
Evaluate (8 + -17 - -29) + -19.
1
What is the value of -16 + 3 + -7 + (4 - -23)?
7
-11 + 31 + (1 - -4) - -4
29
What is the value of -2 - (1 - -4) - (9 + (2 - 1))?
-17
What is (-14 - (21 + 4)) + -11 + 12?
-38
What is 5 - (40 - 19) - -15?
-1
-17 + (-11 + 7 - -14) - 16
-23
(-2 - (0 + 2 - 1)) + 1467 + -1475
-11
Calculate 5 + 6 + -7 - 6 - 4.
-6
What is the value of 0 + (17 - 3) + (65 - 63)?
16
22 + -25 - (-6 - (8 + -32))
-21
Calculate 1 + -1 - (-10 + -29 - -45).
-6
Calculate 47 + -34 - (-2 - -19).
-4
2 + -3 - -5 - ((6 - 0) + 2)
-4
Evaluate 4 + -1 + 1 + -154 + 158.
8
Evaluate (-1 - -4 - -1) + 14 - (14 - 9).
13
What is the value of -9 - 11 - (-8 - 12)?
0
Evaluate -4 + (-9 - -15 - 8 - -12).
6
What is the value of 6 - 9 - -6 - (-6 + 2) - 4?
3
1 - (-31 + 17 + 28)
-13
Evaluate -11 + -4 + 4 + -2 + (7 - 3).
-9
What is 48 + -31 - (7 - -18)?
-8
What is the value of (-1 - -1) + 0 + 15 + 3 - 10?
8
What is the value of -1 + 22 + (-1746 - -1714)?
-11
Evaluate 11 + -9 + -3 + -1 + -3 + 11.
6
What is the value of -15 - (2 + (-3 - -2) + 1)?
-17
What is the value of 0 + 1 - ((14 - -22) + -21)?
-14
-14 - (-2 + -19) - 10
-3
What is 0 - -8 - ((18 - (6 - 16)) + 9)?
-29
Evaluate (10 + -18 + 13 - -6) + -40.
-29
Evaluate 13 + -22 - (-3 + -1 - -1).
-6
Calculate -10 + (8 + -18 - -1) + 9.
-10
Calculate (-15 - -13 - -12) + -3.
7
What is the value of 0 + (4 - 14) - (-2 + 1 + 2)?
-11
What is 25 - ((-3 - 17) + 45)?
0
Evaluate (-2 + (-10 - (1 + -6)) - 19) + -7.
-33
Evaluate (-17 - (20 + -16)) + 38.
17
-15 - (5 + -9 - 5)
-6
7 + -1 + 3 + 0 + 10 + -7
12
Evaluate -10 + 9 + (1 + (3 - 1) - -1).
3
What is the value of -3 + (-2 + -2 - (6 + -6) - 2)?
-9
What is the value of -4 + -12 + (-6 - -1) + 11 + -1?
-11
Calculate 37 + -47 + (13 - 5).
-2
Calculate 5 + -12 + 10 + 13 - 3.
13
(5 - 2) + 12 + (-14 - 0) + 17
18
What is -16 - (-2 + 10 - 20)?
-4
What is (-14 - (15 + (-31 - -6))) + (1 - -35)?
32
-23 + 1 + 33 + 11
22
What is the value of -1 + -1 + -2 + (-4 + -6 - -14)?
0
-5 + -6 + (12 - 20) + 6
-13
What is -11 + 6 + 1 - (-2 - -3)?
-5
Evaluate -7 + (9 - (-12 + 8)) + 1 + -32.
-25
Calculate (-2 - (-11 + -2)) + (-1018 - -1006).
-1
Evaluate (-30 - (-23 + 27)) + 27.
-7
17 + (-1 - 11) - 7 - (-4 + 2)
0
What is -1 + -2 + 74 + -75?
-4
Calculate -7 - (-9 + -13) - 22.
-7
Calculate -1 - 4 - (10 - 0).
-15
-1 - -30 - (-59 + 78)
10
Calculate -3 - 4 - (22 + -9).
-20
What is (7 - (3 - -5)) + 10 + -1?
8
Evaluate (0 - 4) + 8 + -9.
-5
Calculate 15 + (-3 - 11) - 19.
-18
What is the value of 13 + -3 + 17 + -18 - 2?
7
Calculate 64 + (0 - 43) + 18.
39
What is 2 + 0 - (7 + (-30 - -17))?
8
Calculate 31 + -18 + 16 + -9 + 1.
21
(-7 - 23) + 9 - -16
-5
What is -4 - (6 + 8 + -12 + 2)?
-8
What is the value of 2644 + -2653 - (-1 + -4 - 0)?
-4
Evaluate (10 + 0 - 11 - -9 - 39) + 10.
-21
What is the value of 11 - (0 + 3 + -3 - (-185 - -167))?
-7
Evaluate -21 + 13 - (-8 - 0 - -1) - 22.
-23
Evaluate 13 + (-15 + (17 - 14) - 11).
-10
What is 22 - ((2 - -9) + 16)?
-5
Calculate -7 - (-12 + 10 + 1).
-6
What is the value of 3 - (12 - ((1 - 7) + 7) - 9)?
1
What is -8 + 6 + 22 - 24?
-4
What is (-1 - (-2 - 0)) + -11 + 5 - -13?
8
What is (-5 - -2) + (22 + -10 - 16)?
-7
(1 - -5) + -21 + 3 + -1 + 3
-10
Evaluate -2 + -3 + -6 - -40.
29
Calculate 18 - (2 + (-11 - -26)).
1
What is -4 + 3 + -2 - -5 - -10 - 7?
5
Calculate (-1 - -5) + 138 + -132.
10
What is the value of (2 - -10) + (12 - 21) + 15?
18
(-3 - -10 - 10) + (3 + -6 - -10)
4
What is the value of 24 - (8 + 28 + 0)?
-12
-7 - ((17 - 3) + -8)
-13
Evaluate (-8 - -23) + -9 + 0 + 1 + -5.
2
What is the value of 54 + -48 + 2 + (2 - 31)?
-21
Evaluate -24 - (-2 + 6 + -9 + -5).
-14
-1 + -6 - (-29 - -19)
3
Calculate (-16 - (-19 + -3)) + (-1 - 1).
4
Calculate 14 + -5 + (27 - 17).
19
Calculate 0 + (-24 - -19) + 10 + (-7 - 1).
-3
What is the value of 23 + 1 + -5 - (1 + 8 + -5)?
15
What is -11 + 5 + -54 + 43?
-17
-1 - 8 - (-2 + 1 - (82 - 77))
-3
15 - (-5 + 25 - 34)
29
(12 - (15 - 3)) + -14
-14
What is -23 + (5 + -7 - -20) + -12?
-17
What is 22 + -15 + (20 - 30) + 6?
3
Calculate (9 - 6) + -1 - (41 - 56).
17
Calculate 5 + (-5 - 7 - (6 - 6 - 6)).
-1
Calculate 14 + 13 + (-8 - 3) + 1 + 4.
21
What is 5 + 6 